5 - (-3 - 4671/5) composite?
False
Let u be 16/136 - (380592/(-34) - -2). Suppose -u = -12*f + 4*f. Is f a prime number?
True
Let p be 2 + 0 + (1 - -1). Let g = -1302 + 1306. Suppose 0 = -l - p*z + 182, 0*z = g*l + 2*z - 770. Is l prime?
False
Let i(z) = z**3 - 6*z + 2. Let f(g) = -2*g**3 - g**2 + 11*g - 4. Let p(n) = -4*f(n) - 7*i(n). Let a be p(-6). Let l = 143 + a. Is l composite?
True
Suppose 0 = -6*l + 524 + 1138. Let v = 8622 - l. Is v a prime number?
False
Let l be ((-2)/4)/(1*1/(-26)). Suppose 20 = -17*p + l*p. Is (48860/(-8))/p + 9/6 composite?
False
Let j = -1403 - -1401. Suppose 3*x - 317 = o, 5*x - 3*o = 2*o + 515. Is x - j*1/1 a composite number?
False
Let f = -185149 - -328500. Is f a prime number?
False
Let x(s) = -7*s**2 - 11*s + 3. Let d be x(-7). Let i = -69 - d. Suppose -y + 1333 = -3*c + i, -4*y + 2*c + 4596 = 0. Is y a composite number?
False
Is (10 + 243/(-2))*-158 prime?
False
Let p(z) = z**3 + 19*z**2 + 131*z + 102. Is p(71) composite?
False
Let m(f) = -f**2 + f - 1. Let n(q) be the first derivative of -7*q**3/3 + 11*q**2 + 13*q - 2. Let d(u) = -6*m(u) + n(u). Is d(13) a composite number?
True
Let a be 11/44 - (-46)/8. Suppose 8718 - 23232 = -a*q. Is q a composite number?
True
Let h = -50 + 51. Let z(y) = 284*y - 7. Let w be z(h). Let u = -100 + w. Is u prime?
False
Is (1681242/(-6) + 8)*(-2 + 1 + 0) a prime number?
True
Is -3 + 1562937 - (-5 + 0 - -6) a prime number?
True
Let w(f) = -33*f - 162. Let u be w(-5). Suppose q = -4*i + 28443, -u*q = 9*i - 5*i - 28441. Is i prime?
False
Let o be 21/(-3)*1*(25378 + 7). Is 1/(o/(-29615) - 4 - 2) a prime number?
True
Let j = 40 - 34. Suppose j*k - 35*k = -153091. Is k a composite number?
False
Let l(w) be the second derivative of w**4/12 - w**3 + w**2 - 8*w. Let f be l(5). Let a = 482 + f. Is a composite?
False
Is 875284/5 + (252/(-70))/(-18) a prime number?
False
Let l = 22343 + -7500. Is l a prime number?
True
Let i = -832 - -832. Suppose 5*v - 101010 = a, 20181 = v + 4*a - i*a. Is v a composite number?
False
Let f = -128966 + 309679. Is f a prime number?
False
Let u be (-14)/133 + (-475616)/(-76). Suppose 11*i = -3*i + u. Is i prime?
False
Let s be 499/(-3)*((-285)/(-5))/1. Let n = -6060 - s. Is n composite?
True
Suppose 18*n - 102436 = 19262. Is n a composite number?
False
Let r = 150621 - 17552. Is r composite?
False
Suppose -165*f + 163*f - 21975 = -v, 0 = 4*f - 4. Is v composite?
False
Let q = 128015 + -58782. Is q a composite number?
False
Let u(z) = 10*z + 3943. Let c = -91 + 91. Is u(c) prime?
True
Suppose 5*y + 5*q + 1 = -9, 3*q = 5*y + 50. Let s be 6/(-12)*(-7)/(y/(-6)). Suppose -s*z - 12299 = -10*z. Is z a composite number?
True
Let v(w) = -842*w**2 + 96*w + 261. Let i(j) = -7*j. Let z(o) = -6*i(o) - v(o). Is z(-5) a prime number?
True
Let z be -7 + 110/14 + 1583/7. Suppose -z*c = -230*c + 11694. Is c a composite number?
True
Let f = 10 - 4. Suppose 2*l = c + f*l - 16, -5*c - 5*l = -35. Suppose 3*z - 10196 = x, 3*z + 2*x - c*x - 10201 = 0. Is z a composite number?
True
Let h(s) = 145*s**2 - s + 5. Suppose 4*u = 2*u + 54. Suppose 0 = 8*k + k + u. Is h(k) composite?
True
Suppose 265971835 + 431241819 = 878*m. Is m prime?
False
Suppose 0 = 6*u - 2*u + 4*c, 0 = 3*u - 5*c. Is 1 - ((-1922 - u) + -20 + 16) a prime number?
False
Suppose -5*i = -4*b - 6955, 1564 = i + b + 173. Suppose 40*r - 5334 = -2*k + 37*r, -4*k + 10684 = -2*r. Let a = k - i. Is a prime?
True
Is 360767 - ((-5)/3)/((-20)/72*-1) a prime number?
False
Let i be 2/(-18) - (-5772)/(-162)*3. Let a = 302 - i. Is a composite?
False
Let l be ((-8)/3)/((-66)/99). Suppose 4 = -4*p, 12*n - l*p = 7*n + 363729. Is n a prime number?
False
Let w = -49468 + 93129. Is w a prime number?
True
Let y = -68 + 6450. Suppose 3*p - y = 5867. Is p a prime number?
False
Let g be 1782/90 - (-1)/(-10)*-2. Suppose g*i = 12*i + 18568. Is i a prime number?
False
Suppose -5*x - 426 = -5*p + 234, -5*p + 2*x = -657. Let b(q) = 149*q - 50*q + p*q + 1. Is b(5) composite?
False
Let k be 4 + ((-2)/5)/((-15)/(-150)). Suppose k = -2*j - 14*j + 34576. Is j composite?
False
Suppose -2*l = j - 16, -5*l = -9*j + 7*j - 31. Is -4474*(40/(-5) + l) prime?
False
Is (21/(-21))/(-38956*14/(-181796) - 3) a prime number?
False
Suppose -99*n = -100*n + 34134. Suppose 0 = 3*f - r - n, 0 = -2*f + r - 2*r + 22761. Is f a composite number?
True
Let s be 3424/(-7) + 1/7. Suppose -n - 9 = -949. Let o = n + s. Is o prime?
False
Let c(u) = -2*u + 5. Let v(m) = m - 4. Let y(x) = 2*c(x) + 3*v(x). Let i be y(-14). Is (-521)/((2/(-4))/(6/i)) composite?
False
Let y = 46197 - 29438. Is y composite?
False
Is ((-4)/2)/((-90092828)/(-7507738) - 12) prime?
True
Let g = 550395 + -375578. Is g prime?
False
Let a = -53 + 53. Suppose a = -12*t + 1084 + 8144. Is t composite?
False
Suppose -60*m = -50*m. Let b = -14 - -18. Suppose 5*l = -3*s + 1904, -b*s - 3 + 15 = m. Is l a prime number?
True
Suppose -5*y - 4*g + 37 = 0, -8*y + 4*y - 2*g + 26 = 0. Suppose -3*t + 11382 = v, -6*t + 3*v = -y*t - 3784. Is t a composite number?
False
Suppose 4*d = 4*p - 4, 0 = -0*p - 3*p - 3*d + 15. Suppose p*a + 256 = -a. Let l = a + 565. Is l prime?
False
Suppose 0 = 5*r + 5, -170*s + 3*r = -165*s - 8683268. Is s prime?
True
Let z(h) = -h - 5. Let c be z(-5). Let w = 5 - c. Suppose 1410 = i + w*i. Is i a composite number?
True
Let l be 12 + 6 + (-4 - 6). Is (-6)/4 - (-22292)/l composite?
True
Let d = 253 + -152. Suppose -d*n = -84*n - 32351. Is n a composite number?
True
Let t = -28 + 33. Suppose -3*g - t*l - 69 = 0, -4*l = -2*g - 18 - 6. Is -2*(-4025)/18 - g/(-81) a composite number?
True
Let s be (-12 + 6)*(-1)/(-3) - -2. Suppose s = 2*r + 4*b - 522, 4*r + b = -0*b + 1030. Suppose 2*g + 10 = 0, -2*a + 382 + r = -5*g. Is a a prime number?
True
Let j(n) = -2*n**3 + 7*n**2 - 3*n. Let v be j(3). Suppose 2*u + 4 = v, -4*b + 72*u + 1784 = 70*u. Is b prime?
False
Suppose 550*o - 546*o + 4*g - 22360 = 0, -5*o + 2*g = -27915. Is o prime?
False
Let d = 259 + -259. Suppose -o - 5*m + 2579 = d, 5*o + 2*m = -0*m + 12964. Is o a prime number?
False
Suppose -707669 = -24*l + 22*l - 3*s, -5*l = -2*s - 1769201. Is l a composite number?
True
Let l = 15536 - -282395. Is l composite?
False
Suppose 5*o - 6 = 4*n + 2, 4*n = 3*o. Suppose 6*w - 5*w - 1867 = 0. Suppose 2*q - 273 = 3*z - 1686, -n*q + w = 4*z. Is z composite?
True
Is 38/209*33 - (-21160 - -3) composite?
False
Suppose -14 = -3*w - 2. Suppose 5*k - 3768 = -p + 4*p, 0 = -w*k - 3*p + 3036. Let c = k - 37. Is c a prime number?
True
Suppose -20 = -3*y + 22. Let d(k) be the first derivative of 8*k**2 - 21*k + 41. Is d(y) a composite number?
True
Is 37881/2 - ((-58)/(-4) - 16) - -5 a prime number?
True
Let a(c) = -577*c + 197. Is a(-32) prime?
True
Let b = 17790 - 10115. Suppose 5*t - 4*n - b = 0, -3070 = -2*t - n - 4*n. Is t a composite number?
True
Let h(y) be the second derivative of -y**5/10 - y**4/6 + y**3/2 + 11*y**2 + 29*y. Let g be h(5). Let d = 714 + g. Is d composite?
True
Suppose j = -j - 2*a + 179242, 5*j + 4*a = 448111. Is j prime?
True
Let o = -86 - -74. Let w(d) = -d**2 - 13*d - 6. Let i be w(o). Suppose 2*z = i*z - 628. Is z a composite number?
False
Let f = 57 - 51. Suppose 0*x = f*x - 36. Let a(y) = 4*y**2 + 9*y + 11. Is a(x) composite?
True
Suppose -t - 4*v + 3 = -0*v, 4*t - 5*v = 12. Suppose o + 1379 - 286 = -t*u, 0 = 2*o - 4*u + 2146. Let p = o + 3474. Is p prime?
True
Let c(r) be the third derivative of -1649*r**4/24 - 45*r**3/2 - 4*r**2 - 12*r. Is c(-16) composite?
False
Let d(u) = 13 - 223*u + 12 + 27 - 7. Let z be d(5). Is (-1)/(5/z - 0) composite?
True
Suppose -292828 = -2*o + y, 4*o - 3*y - 585662 = -2*y. Is o a prime number?
True
Let c(j) = -267*j**3 + 2*j**2 - 5*j - 1. Suppose 10*w + 4*w = -28. Is c(w) composite?
False
Let n(q) = -q**2 - 23*q - 25. Suppose -3*r = -4*t - 12, 3*r + 2*t = 4*t + 12. Suppose -r*a + 2*b - 68 = 0, 0 = -3*b + 4*b + 4. Is n(a) a composite number?
True
Let q = -29 - -32. Suppose -3*n + 3*u = 309, -n + q*n + u = -212. Let j = n + 308. Is j a prime number?
False
Suppose 0*j - 3*j = -5*o - 6, 0 = -2*o - j + 2. Suppose -5*u + 4*u + 2 = o. Suppose u*y + 20 = -2*h + 162, 5*h = -3*y + 207. Is y a prime number?
False
Let f(p) = p**3 - 3*p**2 + 2*p - 4. Let i be f(3). Suppose i = -b + 3*o + 8, -3*b + 5*o = -10. Is -746*